{"id":7,"date":"2025-11-14T11:45:06","date_gmt":"2025-11-14T11:45:06","guid":{"rendered":"https:\/\/diagnostico.inova.drograria.awtech.so\/?page_id=7"},"modified":"2026-02-26T14:06:43","modified_gmt":"2026-02-26T14:06:43","slug":"home","status":"publish","type":"page","link":"https:\/\/diagnostico.inova.drograria.awtech.so\/","title":{"rendered":"Home"},"content":{"rendered":"\t\t<div data-elementor-type=\"wp-page\" data-elementor-id=\"7\" class=\"elementor elementor-7\">\n\t\t\t\t<div class=\"elementor-element elementor-element-c656a9e e-con-full e-flex e-con e-parent\" data-id=\"c656a9e\" data-element_type=\"container\" id=\"content-banner\" data-settings=\"{&quot;background_background&quot;:&quot;classic&quot;}\">\n\t\t<div class=\"elementor-element elementor-element-328af50 e-con-full e-flex e-con e-child\" data-id=\"328af50\" data-element_type=\"container\">\n\t\t\t\t<div class=\"elementor-element elementor-element-4cef137 elementor-widget__width-initial elementor-widget elementor-widget-heading\" data-id=\"4cef137\" data-element_type=\"widget\" data-widget_type=\"heading.default\">\n\t\t\t\t\t<h2 class=\"elementor-heading-title elementor-size-default\">Um diagn\u00f3stico claro para impulsionar o resultado dos seus projetos<\/h2>\t\t\t\t<\/div>\n\t\t\t\t<div class=\"elementor-element elementor-element-d5a9255 elementor-widget__width-initial elementor-widget elementor-widget-text-editor\" data-id=\"d5a9255\" data-element_type=\"widget\" data-widget_type=\"text-editor.default\">\n\t\t\t\t\t\t\t\t\t<p>Avalie de forma pr\u00e1tica a maturidade sustent\u00e1vel do seu neg\u00f3cio com perguntas diretas sobre gest\u00e3o, impacto e continuidade. Em minutos, identifique pontos fortes, melhorias e ajustes para resultados mais consistentes e sustent\u00e1veis.<\/p>\t\t\t\t\t\t\t\t<\/div>\n\t\t\t\t<\/div>\n\t\t\t\t<\/div>\n\t\t<div class=\"elementor-element elementor-element-f5121f2 e-con-full e-flex e-con e-parent\" data-id=\"f5121f2\" data-element_type=\"container\" data-settings=\"{&quot;background_background&quot;:&quot;classic&quot;}\">\n\t\t\t\t<div class=\"elementor-element elementor-element-b88a623 elementor-widget-mobile__width-initial elementor-widget elementor-widget-heading\" data-id=\"b88a623\" data-element_type=\"widget\" data-widget_type=\"heading.default\">\n\t\t\t\t\t<h2 class=\"elementor-heading-title elementor-size-default\">.<\/h2>\t\t\t\t<\/div>\n\t\t\t\t<\/div>\n\t\t<div class=\"elementor-element elementor-element-7507c6e e-con-full e-flex e-con e-parent\" data-id=\"7507c6e\" data-element_type=\"container\">\n\t\t\t\t<div class=\"elementor-element elementor-element-2c7c27b elementor-widget elementor-widget-html\" data-id=\"2c7c27b\" data-element_type=\"widget\" data-widget_type=\"html.default\">\n\t\t\t\t\t<iframe\r\n  src=\"https:\/\/typebotviewer.grprohost.com.br\/cacb-rw4vcqp\"\r\n  style=\"border: none; width: 100%; height: 600px\"\r\n><\/iframe>\r\n\r\n\r\n<style>\r\n    header{\r\n        display: none;\r\n    }\r\n    \r\n    .elementor-7, .elementor-element-328af50{\r\n        max-width: 100% !important;\r\n    }\r\n    \r\n    .wp-block-post-content{\r\n        padding: 0px;;\r\n    }\r\n<\/style>\r\n\t\t\t\t<\/div>\n\t\t\t\t<\/div>\n\t\t\t\t<\/div>\n\t\t","protected":false},"excerpt":{"rendered":"<p>Um diagn\u00f3stico claro para impulsionar o resultado dos seus projetos Avalie de forma pr\u00e1tica a maturidade sustent\u00e1vel do seu neg\u00f3cio com perguntas diretas sobre gest\u00e3o, impacto e continuidade. Em minutos, identifique pontos fortes, melhorias e ajustes para resultados mais consistentes e sustent\u00e1veis. .<\/p>\n","protected":false},"author":1,"featured_media":0,"parent":0,"menu_order":0,"comment_status":"closed","ping_status":"closed","template":"page-no-title","meta":{"footnotes":""},"class_list":["post-7","page","type-page","status-publish","hentry"],"_links":{"self":[{"href":"https:\/\/diagnostico.inova.drograria.awtech.so\/index.php?rest_route=\/wp\/v2\/pages\/7","targetHints":{"allow":["GET"]}}],"collection":[{"href":"https:\/\/diagnostico.inova.drograria.awtech.so\/index.php?rest_route=\/wp\/v2\/pages"}],"about":[{"href":"https:\/\/diagnostico.inova.drograria.awtech.so\/index.php?rest_route=\/wp\/v2\/types\/page"}],"author":[{"embeddable":true,"href":"https:\/\/diagnostico.inova.drograria.awtech.so\/index.php?rest_route=\/wp\/v2\/users\/1"}],"replies":[{"embeddable":true,"href":"https:\/\/diagnostico.inova.drograria.awtech.so\/index.php?rest_route=%2Fwp%2Fv2%2Fcomments&post=7"}],"version-history":[{"count":5,"href":"https:\/\/diagnostico.inova.drograria.awtech.so\/index.php?rest_route=\/wp\/v2\/pages\/7\/revisions"}],"predecessor-version":[{"id":241,"href":"https:\/\/diagnostico.inova.drograria.awtech.so\/index.php?rest_route=\/wp\/v2\/pages\/7\/revisions\/241"}],"wp:attachment":[{"href":"https:\/\/diagnostico.inova.drograria.awtech.so\/index.php?rest_route=%2Fwp%2Fv2%2Fmedia&parent=7"}],"curies":[{"name":"wp","href":"https:\/\/api.w.org\/{rel}","templated":true}]}}